{"id":1799,"date":"2023-09-06T12:31:17","date_gmt":"2023-09-06T10:31:17","guid":{"rendered":"https:\/\/gengob.org\/?post_type=comunicats&#038;p=1799"},"modified":"2023-09-06T12:32:23","modified_gmt":"2023-09-06T10:32:23","slug":"la-tramitacio-de-la-pedrera-a-la-granada-un-desproposit-rera-laltra","status":"publish","type":"comunicats","link":"https:\/\/gengob.org\/es\/comunicats\/la-tramitacio-de-la-pedrera-a-la-granada-un-desproposit-rera-laltra\/","title":{"rendered":"LA TRAMITACI\u00d3 DE LA PEDRERA A LA GRANADA, UN DESPROP\u00d2SIT RERA L\u2019ALTRA"},"content":{"rendered":"<p class=\"has-medium-font-size\">El GEN no ha rebut una sola comunicaci\u00f3 sobre l\u2019expedient malgrat estar personat com a part<br>interessada des de 2017.<\/p>\n\n\n\n<p><br>El projecte tindria un impacte tan gran que fins i tot l\u2019empresa promotora, que mai s\u2019ha descatat per tenir un gram de consci\u00e8ncia ambiental, va negar p\u00fablicament que l\u2019est\u00e0s tramitant. De fet el projecte d\u2019obertura de la pedrera ja va ser avaluat al seu moment i<br>desestimat pel seu enorme impacte. Qu\u00e8 ha canviat? Els valors ambientals, no. Els efectes que produiria, ja avaluats i informats per l\u2019administraci\u00f3 al seu moment, tampoc. Ara, per\u00f2, s\u2019intenta, mitjan\u00e7ant el falsejament de dades, fer-ho passar per una \u201crestauraci\u00f3\u201d i el promotor \u00e9s empreses Matutes.<br>L\u2019empresa de la fam\u00edlia Matutes preten l\u2019obertura d\u2019una nova pedrera a una zona d\u2019alt\u00edssim valors ambientals i paisatg\u00edstics. El grau de protecci\u00f3n de la zona impedeix l\u2019obertura de noves pedreres i \u00e9s per aix\u00f2 que tramita l\u2019expedient com de \u201crestauraci\u00f3\u201d de pedrera existent. La realitat, per\u00f2, \u00e9s incontestable: el que es preten \u00e9s destru\u00efr un dels paratges naturals m\u00e9s verges de l\u2019illa en una nova pedrera per extreure \u00e0rids durant les properes d\u00e8cades. Una simple ullada a la zona deixa en clamorosa evid\u00e8ncia que l\u2019\u00e0rea que es preten afectar no s\u2019ha de \u201crestaurar\u201d de res i que es troba en un extraordinari estat de conservaci\u00f3, cosa que va<br>permetre incloure-la a la xarxa Natura 2000, d\u2019espais a protegir segons les normatives europees de protecci\u00f3n d\u2019especies.<\/p>\n\n\n\n<p><br>Que la tramitaci\u00f3 de l\u2019expedient \u00e9s un complet desprop\u00f2sit ho demostra el simple fet que el GEN-GOB, personat a l\u2019expedient des de fa m\u00e9s de 6 anys, no ha rebut una sola comunicaci\u00f3 al respecte i ha sabut de l\u2019exist\u00e8ncia d\u2019un procediment judicial mitjan\u00e7ant la premsa local. Per aquest motiu hem adre\u00e7at un escrit al GOIB, per tal de que, en compliment de la normativa ambiental vigent, que reconeix l\u2019acci\u00f3 p\u00fablica en mat\u00e8ria de Medi Natural, ens traslladi els acords i incid\u00e8ncies de l\u2019expedient, per ser, la nostra entitat, part interessada i personada. <\/p>\n\n\n\n<p>El trasllat d\u2019aquesta documentaci\u00f3 no \u00e9s optatiu sino obligatori i resulta del tot incomprensible que la nostra entitat no hagi estat puntualment notificada de totes i cadasc\u00fana de les incid\u00e8ncies.<\/p>\n\n\n\n<p>La Junta Directiva<\/p>","protected":false},"excerpt":{"rendered":"<p>El GEN no ha rebut una sola comunicaci\u00f3 sobre l\u2019expedient malgrat estar personat com a partinteressada des de 2017. El projecte tindria un impacte tan gran que fins i tot l\u2019empresa promotora, que mai s\u2019ha descatat per tenir un gram de consci\u00e8ncia ambiental, va negar p\u00fablicament que l\u2019est\u00e0s tramitant. De fet el projecte d\u2019obertura de&#8230;<\/p>","protected":false},"featured_media":0,"template":"","meta":{"_uag_custom_page_level_css":"","_kad_post_transparent":"","_kad_post_title":"","_kad_post_layout":"","_kad_post_sidebar_id":"","_kad_post_content_style":"","_kad_post_vertical_padding":"","_kad_post_feature":"","_kad_post_feature_position":"","_kad_post_header":false,"_kad_post_footer":false},"categories":[],"tags":[],"uagb_featured_image_src":{"full":false,"thumbnail":false,"medium":false,"medium_large":false,"large":false,"1536x1536":false,"2048x2048":false,"trp-custom-language-flag":false},"uagb_author_info":{"display_name":"Joan Carles Palerm","author_link":"https:\/\/gengob.org\/es\/author\/"},"uagb_comment_info":0,"uagb_excerpt":"El GEN no ha rebut una sola comunicaci\u00f3 sobre l\u2019expedient malgrat estar personat com a partinteressada des de 2017. El projecte tindria un impacte tan gran que fins i tot l\u2019empresa promotora, que mai s\u2019ha descatat per tenir un gram de consci\u00e8ncia ambiental, va negar p\u00fablicament que l\u2019est\u00e0s tramitant. De fet el projecte d\u2019obertura de...","_links":{"self":[{"href":"https:\/\/gengob.org\/es\/wp-json\/wp\/v2\/comunicats\/1799"}],"collection":[{"href":"https:\/\/gengob.org\/es\/wp-json\/wp\/v2\/comunicats"}],"about":[{"href":"https:\/\/gengob.org\/es\/wp-json\/wp\/v2\/types\/comunicats"}],"wp:attachment":[{"href":"https:\/\/gengob.org\/es\/wp-json\/wp\/v2\/media?parent=1799"}],"wp:term":[{"taxonomy":"category","embeddable":true,"href":"https:\/\/gengob.org\/es\/wp-json\/wp\/v2\/categories?post=1799"},{"taxonomy":"post_tag","embeddable":true,"href":"https:\/\/gengob.org\/es\/wp-json\/wp\/v2\/tags?post=1799"}],"curies":[{"name":"wp","href":"https:\/\/api.w.org\/{rel}","templated":true}]}}

LA TRAMITACIÓ DE LA PEDRERA A LA GRANADA, UN DESPROPÒSIT RERA L’ALTRA

<p class="has-medium-font-size">El GEN no ha rebut una sola comunicació sobre l’expedient malgrat estar personat com a part<br>interessada des de 2017.</p>



<p><br>El projecte tindria un impacte tan gran que fins i tot l’empresa promotora, que mai s’ha descatat per tenir un gram de consciència ambiental, va negar públicament que l’estàs tramitant. De fet el projecte d’obertura de la pedrera ja va ser avaluat al seu moment i<br>desestimat pel seu enorme impacte. Què ha canviat? Els valors ambientals, no. Els efectes que produiria, ja avaluats i informats per l’administració al seu moment, tampoc. Ara, però, s’intenta, mitjançant el falsejament de dades, fer-ho passar per una “restauració” i el promotor és empreses Matutes.<br>L’empresa de la família Matutes preten l’obertura d’una nova pedrera a una zona d’altíssim valors ambientals i paisatgístics. El grau de protección de la zona impedeix l’obertura de noves pedreres i és per això que tramita l’expedient com de “restauració” de pedrera existent. La realitat, però, és incontestable: el que es preten és destruïr un dels paratges naturals més verges de l’illa en una nova pedrera per extreure àrids durant les properes dècades. Una simple ullada a la zona deixa en clamorosa evidència que l’àrea que es preten afectar no s’ha de “restaurar” de res i que es troba en un extraordinari estat de conservació, cosa que va<br>permetre incloure-la a la xarxa Natura 2000, d’espais a protegir segons les normatives europees de protección d’especies.</p>



<p><br>Que la tramitació de l’expedient és un complet despropòsit ho demostra el simple fet que el GEN-GOB, personat a l’expedient des de fa més de 6 anys, no ha rebut una sola comunicació al respecte i ha sabut de l’existència d’un procediment judicial mitjançant la premsa local. Per aquest motiu hem adreçat un escrit al GOIB, per tal de que, en compliment de la normativa ambiental vigent, que reconeix l’acció pública en matèria de Medi Natural, ens traslladi els acords i incidències de l’expedient, per ser, la nostra entitat, part interessada i personada. </p>



<p>El trasllat d’aquesta documentació no és optatiu sino obligatori i resulta del tot incomprensible que la nostra entitat no hagi estat puntualment notificada de totes i cadascúna de les incidències.</p>



<p>La Junta Directiva</p>

<p>El GEN no ha rebut una sola comunicació sobre l’expedient malgrat estar personat com a partinteressada des de 2017. El projecte tindria un impacte tan gran que fins i tot l’empresa promotora, que mai s’ha descatat per tenir un gram de consciència ambiental, va negar públicament que l’estàs tramitant. De fet el projecte d’obertura de&#8230;</p>

El GEN no ha rebut una sola comunicació sobre l’expedient malgrat estar personat com a partinteressada des de 2017. El projecte tindria un impacte tan gran que fins i tot l’empresa promotora, que mai s’ha descatat per tenir un gram de consciència ambiental, va negar públicament que l’estàs tramitant. De fet el projecte d’obertura de...
