{"id":1900,"date":"2026-08-07T12:06:00","date_gmt":"2026-08-07T10:06:00","guid":{"rendered":"https:\/\/gengob.org\/?post_type=comunicats&#038;p=1900"},"modified":"2026-09-02T20:13:17","modified_gmt":"2026-09-02T18:13:17","slug":"en-relacio-a-les-restriccions-de-mobilitat-derivades-de-leclipsi-solar","status":"publish","type":"comunicats","link":"https:\/\/gengob.org\/es\/comunicats\/en-relacio-a-les-restriccions-de-mobilitat-derivades-de-leclipsi-solar\/","title":{"rendered":"En relaci\u00f3 a les restriccions de mobilitat derivades de l&#8217;eclipsi solar"},"content":{"rendered":"<p class=\"has-text-align-left\"><br>Amb motiu de l&#8217;eclipsi solar total del pr\u00f2xim 12 d&#8217;agost, volem expressar el nostre suport a les restriccions de tr\u00e0nsit que s&#8217;implementaran a l&#8217;illa d&#8217;Eivissa, especialment a la costa Oest i altres zones sensibles on es preveu una elevada aflu\u00e8ncia. \u00c9s encertat prioritzar la seguretat, prevenir el col\u00b7lapse viari i protegir els espais naturals davant l&#8217;arribada massiva de visitants i residents en vehicles particulars. Mesures de restricci\u00f3 de pas de vehicles, de fet, s&#8217;haurien d&#8217;implementar cada any, durant tot l&#8217;estiu, als paratges naturals amb risc d&#8217;incendi, donat que la freq\u00fcentaci\u00f3 humana \u00e9s el major factor de risc en aquestes cat\u00e0strofes.<\/p>\n\n\n\n<p class=\"has-text-align-left\"><br>Dit aix\u00f2, l&#8217;eclipsi del proper 12 d&#8217;agost \u00e9s un fenomen extraordinari i excepcional que molts eivissencs no han tingut ni tindran cap m\u00e9s oportunitat d&#8217;observar si la climatologia ho permet. Per aquest motiu consideram que, per motius d&#8217;equitat i accessibilitat, amb la<br>finalitat de no perjudicar els residents, <strong>\u00e9s necessari oferir una alternativa gratu\u00efta i accessible al vehicle privat,<\/strong> de manera que establir un servei de bus, des de diferents llocs de l&#8217;illa, als punts d&#8217;observaci\u00f3, evitaria que els eivissencs busquin miradors alternatius o s&#8217;aturin a la carretera, dispersant l&#8217;aflu\u00e8ncia i dificultant el control i, sobretot, garantiria el dret a presenciar un fenomen astron\u00f2mic hist\u00f2ric.<\/p>\n\n\n\n<p class=\"has-text-align-right\">7 d&#8217;agost de 2026<\/p>\n\n\n\n<p><br>La Junta Directiva del GEN-GOB.-<\/p>","protected":false},"excerpt":{"rendered":"<p>Amb motiu de l&#8217;eclipsi solar total del pr\u00f2xim 12 d&#8217;agost, volem expressar el nostre suport a les restriccions de tr\u00e0nsit que s&#8217;implementaran a l&#8217;illa d&#8217;Eivissa, especialment a la costa Oest i altres zones sensibles on es preveu una elevada aflu\u00e8ncia. \u00c9s encertat prioritzar la seguretat, prevenir el col\u00b7lapse viari i protegir els espais naturals davant&#8230;<\/p>","protected":false},"featured_media":0,"template":"","meta":{"_uag_custom_page_level_css":"","_kad_post_transparent":"","_kad_post_title":"","_kad_post_layout":"","_kad_post_sidebar_id":"","_kad_post_content_style":"","_kad_post_vertical_padding":"","_kad_post_feature":"","_kad_post_feature_position":"","_kad_post_header":false,"_kad_post_footer":false},"categories":[],"tags":[],"uagb_featured_image_src":{"full":false,"thumbnail":false,"medium":false,"medium_large":false,"large":false,"1536x1536":false,"2048x2048":false,"trp-custom-language-flag":false},"uagb_author_info":{"display_name":"Joan Carles Palerm","author_link":"https:\/\/gengob.org\/es\/author\/"},"uagb_comment_info":0,"uagb_excerpt":"Amb motiu de l&#8217;eclipsi solar total del pr\u00f2xim 12 d&#8217;agost, volem expressar el nostre suport a les restriccions de tr\u00e0nsit que s&#8217;implementaran a l&#8217;illa d&#8217;Eivissa, especialment a la costa Oest i altres zones sensibles on es preveu una elevada aflu\u00e8ncia. \u00c9s encertat prioritzar la seguretat, prevenir el col\u00b7lapse viari i protegir els espais naturals davant...","_links":{"self":[{"href":"https:\/\/gengob.org\/es\/wp-json\/wp\/v2\/comunicats\/1900"}],"collection":[{"href":"https:\/\/gengob.org\/es\/wp-json\/wp\/v2\/comunicats"}],"about":[{"href":"https:\/\/gengob.org\/es\/wp-json\/wp\/v2\/types\/comunicats"}],"wp:attachment":[{"href":"https:\/\/gengob.org\/es\/wp-json\/wp\/v2\/media?parent=1900"}],"wp:term":[{"taxonomy":"category","embeddable":true,"href":"https:\/\/gengob.org\/es\/wp-json\/wp\/v2\/categories?post=1900"},{"taxonomy":"post_tag","embeddable":true,"href":"https:\/\/gengob.org\/es\/wp-json\/wp\/v2\/tags?post=1900"}],"curies":[{"name":"wp","href":"https:\/\/api.w.org\/{rel}","templated":true}]}}

En relació a les restriccions de mobilitat derivades de l&#8217;eclipsi solar

<p class="has-text-align-left"><br>Amb motiu de l&#8217;eclipsi solar total del pròxim 12 d&#8217;agost, volem expressar el nostre suport a les restriccions de trànsit que s&#8217;implementaran a l&#8217;illa d&#8217;Eivissa, especialment a la costa Oest i altres zones sensibles on es preveu una elevada afluència. És encertat prioritzar la seguretat, prevenir el col·lapse viari i protegir els espais naturals davant l&#8217;arribada massiva de visitants i residents en vehicles particulars. Mesures de restricció de pas de vehicles, de fet, s&#8217;haurien d&#8217;implementar cada any, durant tot l&#8217;estiu, als paratges naturals amb risc d&#8217;incendi, donat que la freqüentació humana és el major factor de risc en aquestes catàstrofes.</p>



<p class="has-text-align-left"><br>Dit això, l&#8217;eclipsi del proper 12 d&#8217;agost és un fenomen extraordinari i excepcional que molts eivissencs no han tingut ni tindran cap més oportunitat d&#8217;observar si la climatologia ho permet. Per aquest motiu consideram que, per motius d&#8217;equitat i accessibilitat, amb la<br>finalitat de no perjudicar els residents, <strong>és necessari oferir una alternativa gratuïta i accessible al vehicle privat,</strong> de manera que establir un servei de bus, des de diferents llocs de l&#8217;illa, als punts d&#8217;observació, evitaria que els eivissencs busquin miradors alternatius o s&#8217;aturin a la carretera, dispersant l&#8217;afluència i dificultant el control i, sobretot, garantiria el dret a presenciar un fenomen astronòmic històric.</p>



<p class="has-text-align-right">7 d&#8217;agost de 2026</p>



<p><br>La Junta Directiva del GEN-GOB.-</p>

<p>Amb motiu de l&#8217;eclipsi solar total del pròxim 12 d&#8217;agost, volem expressar el nostre suport a les restriccions de trànsit que s&#8217;implementaran a l&#8217;illa d&#8217;Eivissa, especialment a la costa Oest i altres zones sensibles on es preveu una elevada afluència. És encertat prioritzar la seguretat, prevenir el col·lapse viari i protegir els espais naturals davant&#8230;</p>

Amb motiu de l&#8217;eclipsi solar total del pròxim 12 d&#8217;agost, volem expressar el nostre suport a les restriccions de trànsit que s&#8217;implementaran a l&#8217;illa d&#8217;Eivissa, especialment a la costa Oest i altres zones sensibles on es preveu una elevada afluència. És encertat prioritzar la seguretat, prevenir el col·lapse viari i protegir els espais naturals davant...
