{"id":263,"date":"2021-04-26T14:39:55","date_gmt":"2021-04-26T14:39:55","guid":{"rendered":"https:\/\/gengob.org\/\/?page_id=263"},"modified":"2021-04-29T17:06:36","modified_gmt":"2021-04-29T17:06:36","slug":"que-defensam","status":"publish","type":"page","link":"https:\/\/gengob.org\/es\/que-defensam\/","title":{"rendered":"Qu\u00e9 defendemos"},"content":{"rendered":"<section class=\"wp-block-uagb-section uagb-section__wrap uagb-section__background-image uagb-block-004dd654 hero\"><div class=\"uagb-section__overlay\"><\/div><div class=\"uagb-section__inner-wrap\">\n<div class=\"wp-block-group hero__cta\"><div class=\"wp-block-group__inner-container is-layout-flow\"><style>.wp-block-kadence-advancedheading.kt-adv-heading_4bc4c3-e5, .wp-block-kadence-advancedheading.kt-adv-heading_4bc4c3-e5[data-kb-block=\"kb-adv-heading_4bc4c3-e5\"]{font-style:normal;}.wp-block-kadence-advancedheading.kt-adv-heading_4bc4c3-e5 mark, .wp-block-kadence-advancedheading.kt-adv-heading_4bc4c3-e5[data-kb-block=\"kb-adv-heading_4bc4c3-e5\"] mark{font-style:normal;color:#f76a0c;padding-top:0px;padding-right:0px;padding-bottom:0px;padding-left:0px;}@media all and (max-width: 1024px){.wp-block-kadence-advancedheading.kt-adv-heading_4bc4c3-e5, .wp-block-kadence-advancedheading.kt-adv-heading_4bc4c3-e5[data-kb-block=\"kb-adv-heading_4bc4c3-e5\"]{font-size:3.8rem;}}@media all and (max-width: 767px){.wp-block-kadence-advancedheading.kt-adv-heading_4bc4c3-e5, .wp-block-kadence-advancedheading.kt-adv-heading_4bc4c3-e5[data-kb-block=\"kb-adv-heading_4bc4c3-e5\"]{font-size:2.5rem;}}<\/style>\n<h1 class=\"kt-adv-heading_4bc4c3-e5 hero__title wp-block-kadence-advancedheading has-theme-palette-2-color has-text-color\" data-kb-block=\"kb-adv-heading_4bc4c3-e5\"><mark class=\"kt-highlight\"><mark>Apostamos por garantizar<br>nuestro futuro<\/mark><\/mark><\/h1>\n<\/div><\/div>\n\n\n\n<p class=\"hero__img--author has-theme-palette-9-color has-text-color\"><span>@xavier mas<\/span><\/p>\n<\/div><\/section>\n\n\n<style>#kt-layout-id_113345-5c > .kt-row-column-wrap{align-content:start;}:where(#kt-layout-id_113345-5c > .kt-row-column-wrap) > .wp-block-kadence-column{justify-content:start;}#kt-layout-id_113345-5c > .kt-row-column-wrap{column-gap:var(--global-kb-gap-md, 2rem);row-gap:var(--global-kb-gap-md, 2rem);max-width:740px;margin-left:auto;margin-right:auto;padding-top:25px;padding-bottom:25px;padding-top:7.5rem;padding-bottom:7.5rem;padding-left:2rem;padding-right:2rem;grid-template-columns:minmax(0, 1fr);}#kt-layout-id_113345-5c > .kt-row-layout-overlay{opacity:0.30;}@media all and (max-width: 1024px){#kt-layout-id_113345-5c > .kt-row-column-wrap{grid-template-columns:minmax(0, 1fr);}}@media all and (max-width: 767px){#kt-layout-id_113345-5c > .kt-row-column-wrap{grid-template-columns:minmax(0, 1fr);}}<\/style>\n<div class=\"wp-block-kadence-rowlayout alignnone\"><div id=\"kt-layout-id_113345-5c\" class=\"kt-row-layout-inner kt-layout-id_113345-5c\"><div class=\"kt-row-column-wrap kt-has-1-columns kt-gutter-default kt-v-gutter-default kt-row-valign-top kt-row-layout-equal kt-tab-layout-inherit kt-m-colapse-left-to-right kt-mobile-layout-row\"><style>.kadence-column_285e8f-54 > .kt-inside-inner-col{border-top-width:0px;border-right-width:0px;border-bottom-width:0px;border-left-width:0px;}.kadence-column_285e8f-54 > .kt-inside-inner-col,.kadence-column_285e8f-54 > .kt-inside-inner-col:before{border-top-left-radius:0px;border-top-right-radius:0px;border-bottom-right-radius:0px;border-bottom-left-radius:0px;}.kadence-column_285e8f-54 > .kt-inside-inner-col:before{opacity:0.3;}.kadence-column_285e8f-54{position:relative;}<\/style>\n<div class=\"wp-block-kadence-column inner-column-1 kadence-column_285e8f-54\"><div class=\"kt-inside-inner-col\"><style>.wp-block-kadence-advancedheading.kt-adv-heading_a9703e-91, .wp-block-kadence-advancedheading.kt-adv-heading_a9703e-91[data-kb-block=\"kb-adv-heading_a9703e-91\"]{font-size:3.6rem;font-style:normal;}.wp-block-kadence-advancedheading.kt-adv-heading_a9703e-91 mark, .wp-block-kadence-advancedheading.kt-adv-heading_a9703e-91[data-kb-block=\"kb-adv-heading_a9703e-91\"] mark{font-style:normal;color:#f76a0c;padding-top:0px;padding-right:0px;padding-bottom:0px;padding-left:0px;}<\/style>\n<h2 class=\"kt-adv-heading_a9703e-91 wp-block-kadence-advancedheading\" data-kb-block=\"kb-adv-heading_a9703e-91\"><strong>Qu\u00e9 defendemos<\/strong><\/h2>\n\n\n\n<p>Nos preocupa el estado del medio ambiente. Por eso defendemos la preservaci\u00f3n de los ecosistemas y la biodiversidad, as\u00ed como la racionalizaci\u00f3n y el uso sostenible de los recursos naturales como la mejor apuesta para garantizar nuestro futuro y el de las especies que nos rodean. <\/p>\n\n\n\n<p class=\"mb--big\">Defendemos el sector primario: la agricultura, la ganader\u00eda, la pesca y la industria agroalimentaria de las islas. Con este fin trabajamos diferentes l\u00edneas de custodia del territorio. En el campo, con el proyecto de recuperaci\u00f3n agraria de Can Toni d\u2019en Jaume Negre, y en el mar, con el proyecto La Mar, una responsabilitat compartida. Tambi\u00e9n apoyamos al peque\u00f1o comercio y el consumo de producto local, preferentemente ecol\u00f3gico.<\/p>\n\n\n\n<div class=\"wp-block-group twoImages\"><div class=\"wp-block-group__inner-container is-layout-flow\">\n<div class=\"wp-block-group twoImages__container\"><div class=\"wp-block-group__inner-container is-layout-flow\">\n<div class=\"wp-block-image twoImages__img\"><figure class=\"aligncenter size-full\"><a class=\"glightboxTest\" href=\"https:\/\/gengob.org\/wp-content\/uploads\/2021\/04\/Can-Toni-2-MM-R.jpg\"><img decoding=\"async\" loading=\"lazy\" width=\"1920\" height=\"1080\" src=\"https:\/\/gengob.org\/wp-content\/uploads\/2021\/04\/Can-Toni-2-MM-R.jpg\" alt=\"\" class=\"wp-image-276\" srcset=\"https:\/\/gengob.org\/wp-content\/uploads\/2021\/04\/Can-Toni-2-MM-R.jpg 1920w, https:\/\/gengob.org\/wp-content\/uploads\/2021\/04\/Can-Toni-2-MM-R-300x169.jpg 300w, https:\/\/gengob.org\/wp-content\/uploads\/2021\/04\/Can-Toni-2-MM-R-1024x576.jpg 1024w, https:\/\/gengob.org\/wp-content\/uploads\/2021\/04\/Can-Toni-2-MM-R-768x432.jpg 768w, https:\/\/gengob.org\/wp-content\/uploads\/2021\/04\/Can-Toni-2-MM-R-1536x864.jpg 1536w\" sizes=\"(max-width: 1920px) 100vw, 1920px\" \/><\/a><\/figure><\/div>\n\n\n\n<p class=\"twoImages__author\">@mari\u00e0 mar\u00ed<\/p>\n<\/div><\/div>\n\n\n\n<div class=\"wp-block-group twoImages__container\"><div class=\"wp-block-group__inner-container is-layout-flow\">\n<div class=\"wp-block-image twoImages__img\"><figure class=\"aligncenter size-large\"><a class=\"glightboxTest\" href=\"https:\/\/gengob.org\/wp-content\/uploads\/2021\/04\/GEN-campanyes-estiu-MTM-R.jpg\"><img decoding=\"async\" loading=\"lazy\" width=\"1024\" height=\"685\" src=\"https:\/\/gengob.org\/wp-content\/uploads\/2021\/04\/GEN-campanyes-estiu-MTM-R-1024x685.jpg\" alt=\"\" class=\"wp-image-277\" srcset=\"https:\/\/gengob.org\/wp-content\/uploads\/2021\/04\/GEN-campanyes-estiu-MTM-R-1024x685.jpg 1024w, https:\/\/gengob.org\/wp-content\/uploads\/2021\/04\/GEN-campanyes-estiu-MTM-R-300x201.jpg 300w, https:\/\/gengob.org\/wp-content\/uploads\/2021\/04\/GEN-campanyes-estiu-MTM-R-768x514.jpg 768w, https:\/\/gengob.org\/wp-content\/uploads\/2021\/04\/GEN-campanyes-estiu-MTM-R-1536x1028.jpg 1536w, https:\/\/gengob.org\/wp-content\/uploads\/2021\/04\/GEN-campanyes-estiu-MTM-R.jpg 1920w\" sizes=\"(max-width: 1024px) 100vw, 1024px\" \/><\/a><\/figure><\/div>\n\n\n\n<p class=\"twoImages__author\">@soledad torres<\/p>\n<\/div><\/div>\n<\/div><\/div>\n<\/div><\/div>\n<\/div><\/div><\/div>\n\n\n\n<p><\/p>","protected":false},"excerpt":{"rendered":"<p>Qu\u00e8 defensam Ens preocupa l\u2019estat del medi ambient, per aix\u00f2 defensam la preservaci\u00f3 dels ecosistemes i la biodiversitat, aix\u00ed com la racionalitzaci\u00f3 i l\u2019\u00fas sostenible dels recursos naturals, com a millor aposta per garantir el nostre futur i el de les esp\u00e8cies que ens envolten. Defensam el sector primari: l\u2019agricultura, la ramaderia, la pesca i&#8230;<\/p>","protected":false},"author":1,"featured_media":0,"parent":0,"menu_order":0,"comment_status":"closed","ping_status":"closed","template":"","meta":{"_uag_custom_page_level_css":"","_kad_post_transparent":"enable","_kad_post_title":"hide","_kad_post_layout":"fullwidth","_kad_post_sidebar_id":"","_kad_post_content_style":"unboxed","_kad_post_vertical_padding":"","_kad_post_feature":"","_kad_post_feature_position":"","_kad_post_header":false,"_kad_post_footer":false},"uagb_featured_image_src":{"full":false,"thumbnail":false,"medium":false,"medium_large":false,"large":false,"1536x1536":false,"2048x2048":false,"trp-custom-language-flag":false},"uagb_author_info":{"display_name":"GGA","author_link":"https:\/\/gengob.org\/es\/author\/admin\/"},"uagb_comment_info":0,"uagb_excerpt":"Qu\u00e8 defensam Ens preocupa l\u2019estat del medi ambient, per aix\u00f2 defensam la preservaci\u00f3 dels ecosistemes i la biodiversitat, aix\u00ed com la racionalitzaci\u00f3 i l\u2019\u00fas sostenible dels recursos naturals, com a millor aposta per garantir el nostre futur i el de les esp\u00e8cies que ens envolten. Defensam el sector primari: l\u2019agricultura, la ramaderia, la pesca i...","_links":{"self":[{"href":"https:\/\/gengob.org\/es\/wp-json\/wp\/v2\/pages\/263"}],"collection":[{"href":"https:\/\/gengob.org\/es\/wp-json\/wp\/v2\/pages"}],"about":[{"href":"https:\/\/gengob.org\/es\/wp-json\/wp\/v2\/types\/page"}],"author":[{"embeddable":true,"href":"https:\/\/gengob.org\/es\/wp-json\/wp\/v2\/users\/1"}],"replies":[{"embeddable":true,"href":"https:\/\/gengob.org\/es\/wp-json\/wp\/v2\/comments?post=263"}],"version-history":[{"count":0,"href":"https:\/\/gengob.org\/es\/wp-json\/wp\/v2\/pages\/263\/revisions"}],"wp:attachment":[{"href":"https:\/\/gengob.org\/es\/wp-json\/wp\/v2\/media?parent=263"}],"curies":[{"name":"wp","href":"https:\/\/api.w.org\/{rel}","templated":true}]}}

Qué defendemos

<section class="wp-block-uagb-section uagb-section__wrap uagb-section__background-image uagb-block-004dd654 hero"><div class="uagb-section__overlay"></div><div class="uagb-section__inner-wrap">
<div class="wp-block-group hero__cta"><div class="wp-block-group__inner-container is-layout-flow"><style>.wp-block-kadence-advancedheading.kt-adv-heading_4bc4c3-e5, .wp-block-kadence-advancedheading.kt-adv-heading_4bc4c3-e5[data-kb-block="kb-adv-heading_4bc4c3-e5"]{font-style:normal;}.wp-block-kadence-advancedheading.kt-adv-heading_4bc4c3-e5 mark, .wp-block-kadence-advancedheading.kt-adv-heading_4bc4c3-e5[data-kb-block="kb-adv-heading_4bc4c3-e5"] mark{font-style:normal;color:#f76a0c;padding-top:0px;padding-right:0px;padding-bottom:0px;padding-left:0px;}@media all and (max-width: 1024px){.wp-block-kadence-advancedheading.kt-adv-heading_4bc4c3-e5, .wp-block-kadence-advancedheading.kt-adv-heading_4bc4c3-e5[data-kb-block="kb-adv-heading_4bc4c3-e5"]{font-size:3.8rem;}}@media all and (max-width: 767px){.wp-block-kadence-advancedheading.kt-adv-heading_4bc4c3-e5, .wp-block-kadence-advancedheading.kt-adv-heading_4bc4c3-e5[data-kb-block="kb-adv-heading_4bc4c3-e5"]{font-size:2.5rem;}}</style>
<h1 class="kt-adv-heading_4bc4c3-e5 hero__title wp-block-kadence-advancedheading has-theme-palette-2-color has-text-color" data-kb-block="kb-adv-heading_4bc4c3-e5"><mark class="kt-highlight"><mark>Apostamos por garantizar<br>nuestro futuro</mark></mark></h1>
</div></div>



<p class="hero__img--author has-theme-palette-9-color has-text-color"><span>@xavier mas</span></p>
</div></section>


<style>#kt-layout-id_113345-5c > .kt-row-column-wrap{align-content:start;}:where(#kt-layout-id_113345-5c > .kt-row-column-wrap) > .wp-block-kadence-column{justify-content:start;}#kt-layout-id_113345-5c > .kt-row-column-wrap{column-gap:var(--global-kb-gap-md, 2rem);row-gap:var(--global-kb-gap-md, 2rem);max-width:740px;margin-left:auto;margin-right:auto;padding-top:25px;padding-bottom:25px;padding-top:7.5rem;padding-bottom:7.5rem;padding-left:2rem;padding-right:2rem;grid-template-columns:minmax(0, 1fr);}#kt-layout-id_113345-5c > .kt-row-layout-overlay{opacity:0.30;}@media all and (max-width: 1024px){#kt-layout-id_113345-5c > .kt-row-column-wrap{grid-template-columns:minmax(0, 1fr);}}@media all and (max-width: 767px){#kt-layout-id_113345-5c > .kt-row-column-wrap{grid-template-columns:minmax(0, 1fr);}}</style>
<div class="wp-block-kadence-rowlayout alignnone"><div id="kt-layout-id_113345-5c" class="kt-row-layout-inner kt-layout-id_113345-5c"><div class="kt-row-column-wrap kt-has-1-columns kt-gutter-default kt-v-gutter-default kt-row-valign-top kt-row-layout-equal kt-tab-layout-inherit kt-m-colapse-left-to-right kt-mobile-layout-row"><style>.kadence-column_285e8f-54 > .kt-inside-inner-col{border-top-width:0px;border-right-width:0px;border-bottom-width:0px;border-left-width:0px;}.kadence-column_285e8f-54 > .kt-inside-inner-col,.kadence-column_285e8f-54 > .kt-inside-inner-col:before{border-top-left-radius:0px;border-top-right-radius:0px;border-bottom-right-radius:0px;border-bottom-left-radius:0px;}.kadence-column_285e8f-54 > .kt-inside-inner-col:before{opacity:0.3;}.kadence-column_285e8f-54{position:relative;}</style>
<div class="wp-block-kadence-column inner-column-1 kadence-column_285e8f-54"><div class="kt-inside-inner-col"><style>.wp-block-kadence-advancedheading.kt-adv-heading_a9703e-91, .wp-block-kadence-advancedheading.kt-adv-heading_a9703e-91[data-kb-block="kb-adv-heading_a9703e-91"]{font-size:3.6rem;font-style:normal;}.wp-block-kadence-advancedheading.kt-adv-heading_a9703e-91 mark, .wp-block-kadence-advancedheading.kt-adv-heading_a9703e-91[data-kb-block="kb-adv-heading_a9703e-91"] mark{font-style:normal;color:#f76a0c;padding-top:0px;padding-right:0px;padding-bottom:0px;padding-left:0px;}</style>
<h2 class="kt-adv-heading_a9703e-91 wp-block-kadence-advancedheading" data-kb-block="kb-adv-heading_a9703e-91"><strong>Qué defendemos</strong></h2>



<p>Nos preocupa el estado del medio ambiente. Por eso defendemos la preservación de los ecosistemas y la biodiversidad, así como la racionalización y el uso sostenible de los recursos naturales como la mejor apuesta para garantizar nuestro futuro y el de las especies que nos rodean. </p>



<p class="mb--big">Defendemos el sector primario: la agricultura, la ganadería, la pesca y la industria agroalimentaria de las islas. Con este fin trabajamos diferentes líneas de custodia del territorio. En el campo, con el proyecto de recuperación agraria de Can Toni d’en Jaume Negre, y en el mar, con el proyecto La Mar, una responsabilitat compartida. También apoyamos al pequeño comercio y el consumo de producto local, preferentemente ecológico.</p>



<div class="wp-block-group twoImages"><div class="wp-block-group__inner-container is-layout-flow">
<div class="wp-block-group twoImages__container"><div class="wp-block-group__inner-container is-layout-flow">
<div class="wp-block-image twoImages__img"><figure class="aligncenter size-full"><a class="glightboxTest" href="https://gengob.org/wp-content/uploads/2021/04/Can-Toni-2-MM-R.jpg"><img decoding="async" loading="lazy" width="1920" height="1080" src="https://gengob.org/wp-content/uploads/2021/04/Can-Toni-2-MM-R.jpg" alt="" class="wp-image-276" srcset="https://gengob.org/wp-content/uploads/2021/04/Can-Toni-2-MM-R.jpg 1920w, https://gengob.org/wp-content/uploads/2021/04/Can-Toni-2-MM-R-300x169.jpg 300w, https://gengob.org/wp-content/uploads/2021/04/Can-Toni-2-MM-R-1024x576.jpg 1024w, https://gengob.org/wp-content/uploads/2021/04/Can-Toni-2-MM-R-768x432.jpg 768w, https://gengob.org/wp-content/uploads/2021/04/Can-Toni-2-MM-R-1536x864.jpg 1536w" sizes="(max-width: 1920px) 100vw, 1920px" /></a></figure></div>



<p class="twoImages__author">@marià marí</p>
</div></div>



<div class="wp-block-group twoImages__container"><div class="wp-block-group__inner-container is-layout-flow">
<div class="wp-block-image twoImages__img"><figure class="aligncenter size-large"><a class="glightboxTest" href="https://gengob.org/wp-content/uploads/2021/04/GEN-campanyes-estiu-MTM-R.jpg"><img decoding="async" loading="lazy" width="1024" height="685" src="https://gengob.org/wp-content/uploads/2021/04/GEN-campanyes-estiu-MTM-R-1024x685.jpg" alt="" class="wp-image-277" srcset="https://gengob.org/wp-content/uploads/2021/04/GEN-campanyes-estiu-MTM-R-1024x685.jpg 1024w, https://gengob.org/wp-content/uploads/2021/04/GEN-campanyes-estiu-MTM-R-300x201.jpg 300w, https://gengob.org/wp-content/uploads/2021/04/GEN-campanyes-estiu-MTM-R-768x514.jpg 768w, https://gengob.org/wp-content/uploads/2021/04/GEN-campanyes-estiu-MTM-R-1536x1028.jpg 1536w, https://gengob.org/wp-content/uploads/2021/04/GEN-campanyes-estiu-MTM-R.jpg 1920w" sizes="(max-width: 1024px) 100vw, 1024px" /></a></figure></div>



<p class="twoImages__author">@soledad torres</p>
</div></div>
</div></div>
</div></div>
</div></div></div>



<p></p>

<p>Què defensam Ens preocupa l’estat del medi ambient, per això defensam la preservació dels ecosistemes i la biodiversitat, així com la racionalització i l’ús sostenible dels recursos naturals, com a millor aposta per garantir el nostre futur i el de les espècies que ens envolten. Defensam el sector primari: l’agricultura, la ramaderia, la pesca i&#8230;</p>

Què defensam Ens preocupa l’estat del medi ambient, per això defensam la preservació dels ecosistemes i la biodiversitat, així com la racionalització i l’ús sostenible dels recursos naturals, com a millor aposta per garantir el nostre futur i el de les espècies que ens envolten. Defensam el sector primari: l’agricultura, la ramaderia, la pesca i...
